{"id":460,"date":"2025-08-06T17:32:23","date_gmt":"2025-08-06T17:32:23","guid":{"rendered":"https:\/\/filmproduct.com\/?page_id=460"},"modified":"2025-08-09T17:18:32","modified_gmt":"2025-08-09T17:18:32","slug":"polityka-prywatnosci","status":"publish","type":"page","link":"https:\/\/filmproduct.com\/?page_id=460","title":{"rendered":"Polityka prywatno\u015bci"},"content":{"rendered":"\t\t<div data-elementor-type=\"wp-page\" data-elementor-id=\"460\" class=\"elementor elementor-460\">\n\t\t\t\t<div class=\"elementor-element elementor-element-2fb09073 e-flex e-con-boxed e-con e-parent\" data-id=\"2fb09073\" data-element_type=\"container\">\n\t\t\t\t\t<div class=\"e-con-inner\">\n\t\t\t\t<div class=\"elementor-element elementor-element-3036f49 elementor-widget elementor-widget-eael-creative-button\" data-id=\"3036f49\" data-element_type=\"widget\" data-widget_type=\"eael-creative-button.default\">\n\t\t\t\t<div class=\"elementor-widget-container\">\n\t\t\t\t\t        <div class=\"eael-creative-button-wrapper\">\n\n            <a class=\"eael-creative-button eael-creative-button--moema\" href=\"https:\/\/filmproduct.com\/#email\" data-text=\"Zapisz si\u0119 na list\u0119 oczekuj\u0105cych\">\n            \t    \n                <div class=\"creative-button-inner\">\n\n                    \n                    <span class=\"cretive-button-text\">Zapisz si\u0119 na list\u0119 oczekuj\u0105cych<\/span>\n\n                                            <span class=\"eael-creative-button-icon-right\"><svg aria-hidden=\"true\" class=\"e-font-icon-svg e-fas-chevron-right\" viewBox=\"0 0 320 512\" xmlns=\"http:\/\/www.w3.org\/2000\/svg\"><path d=\"M285.476 272.971L91.132 467.314c-9.373 9.373-24.569 9.373-33.941 0l-22.667-22.667c-9.357-9.357-9.375-24.522-.04-33.901L188.505 256 34.484 101.255c-9.335-9.379-9.317-24.544.04-33.901l22.667-22.667c9.373-9.373 24.569-9.373 33.941 0L285.475 239.03c9.373 9.372 9.373 24.568.001 33.941z\"><\/path><\/svg><\/span>                                    <\/div>\n\t                        <\/a>\n        <\/div>\n        \t\t\t\t<\/div>\n\t\t\t\t<\/div>\n\t\t\t\t<div class=\"elementor-element elementor-element-469c9b81 elementor-widget elementor-widget-text-editor\" data-id=\"469c9b81\" data-element_type=\"widget\" data-e-type=\"widget\" data-widget_type=\"text-editor.default\">\n\t\t\t\t<div class=\"elementor-widget-container\">\n\t\t\t\t\t\t\t\t\t<h1><b>Polityka Prywatno\u015bci (Privacy Policy)<\/b><\/h1><p><b>Film Project Management System (FPMS)<\/b><b><br \/><\/b>Ostatnia aktualizacja: 06.08.2025 r.<\/p><h3><b>1. Administrator danych osobowych<\/b><\/h3><p>Administratorem danych osobowych zbieranych za po\u015brednictwem niniejszej strony internetowej jest:<\/p><p><b>Holly\u0142\u00f3d\u017a Sp. z o.o.<\/b><b><br \/><\/b>ul. \u0141\u00f3dzka 42, 95-050 Konstantyn\u00f3w \u0141\u00f3dzki, Polska<br \/>NIP: 7312087078<br \/>Email kontaktowy: <a href=\"mailto:contact@filmproduct.com\">contact@filmproduct.com<\/a><\/p><h3><b>2. Zakres zbieranych danych<\/b><\/h3><p>Zbieramy wy\u0142\u0105cznie dane, kt\u00f3re u\u017cytkownicy przekazuj\u0105 nam dobrowolnie poprzez formularz zapisu na list\u0119 oczekuj\u0105cych (tzw. <b>waiting list<\/b>), tj.:<\/p><ul><li aria-level=\"1\">contact@filmproduct.com<\/li><\/ul><p>Danych nie \u0142\u0105czymy z innymi informacjami i nie profilujemy u\u017cytkownik\u00f3w.<\/p><h3><b>3. Cel i podstawa przetwarzania danych<\/b><\/h3><p>Twoje dane osobowe przetwarzamy na podstawie <b>art. 6 ust. 1 lit. a RODO<\/b>, tj. na podstawie udzielonej przez Ciebie <b>zgody<\/b> w celu:<\/p><ul><li aria-level=\"1\">przes\u0142ania informacji o uruchomieniu platformy FPMS,<\/li><li aria-level=\"1\">kontaktu zwi\u0105zanego z ofert\u0105, wersj\u0105 beta lub testami systemu,<\/li><li aria-level=\"1\">przesy\u0142ania okazjonalnych aktualizacji dotycz\u0105cych projektu.<\/li><\/ul><p>Nie wysy\u0142amy newsletter\u00f3w handlowych bez odr\u0119bnej zgody.<\/p><h3><b>4. Okres przechowywania danych<\/b><\/h3><p>Dane przechowujemy do momentu:<\/p><ul><li aria-level=\"1\">cofni\u0119cia zgody przez u\u017cytkownika,<\/li><li aria-level=\"1\">zako\u0144czenia projektu FPMS lub listy oczekuj\u0105cych,<\/li><li aria-level=\"1\">maksymalnie przez 24 miesi\u0105ce od momentu zapisu.<\/li><\/ul><h3><b>5. Prawa u\u017cytkownika<\/b><\/h3><p>Masz prawo do:<\/p><ul><li aria-level=\"1\">dost\u0119pu do swoich danych,<\/li><li aria-level=\"1\">ich sprostowania, usuni\u0119cia lub ograniczenia przetwarzania,<\/li><li aria-level=\"1\">cofni\u0119cia zgody w dowolnym momencie,<\/li><li aria-level=\"1\">wniesienia skargi do Prezesa Urz\u0119du Ochrony Danych Osobowych (PUODO).<\/li><\/ul><h3><b>6. Udost\u0119pnianie danych<\/b><\/h3><p>Twoje dane nie s\u0105 sprzedawane ani przekazywane podmiotom trzecim.<br \/>Mog\u0105 by\u0107 przekazywane jedynie zaufanym dostawcom us\u0142ug (np. operatorzy e-mail marketingu), wy\u0142\u0105cznie w zakresie niezb\u0119dnym do realizacji cel\u00f3w wskazanych powy\u017cej, na podstawie stosownych um\u00f3w powierzenia.<\/p><h3><b>7. Pliki cookies<\/b><\/h3><p>Nasza strona mo\u017ce wykorzystywa\u0107 pliki cookies do poprawnego dzia\u0142ania, statystyk oraz obs\u0142ugi formularza zapisu.<br \/>Nie wykorzystujemy plik\u00f3w cookies do profilowania ani marketingu bez zgody.<\/p><h3><b>8. Kontakt<\/b><\/h3><p>W sprawach zwi\u0105zanych z danymi osobowymi mo\u017cesz skontaktowa\u0107 si\u0119 z nami pod adresem:<br \/>\ud83d\udce7 contact@filmproduct.com<br \/>\ud83d\udcec ADRES: Holly\u0142\u00f3d\u017a Sp. z o.o. ul. \u0141\u00f3dzka 42, 90-050 Konstantyn\u00f3w \u0141\u00f3dzki, Polska<\/p>\t\t\t\t\t\t\t\t<\/div>\n\t\t\t\t<\/div>\n\t\t\t\t<div class=\"elementor-element elementor-element-66cfe0d eael_simple_menu_hamburger_disable_selected_menu_no eael-simple-menu-hamburger-align-right eael-hamburger--tablet elementor-widget elementor-widget-eael-simple-menu\" data-id=\"66cfe0d\" data-element_type=\"widget\" data-e-type=\"widget\" data-widget_type=\"eael-simple-menu.default\">\n\t\t\t\t<div class=\"elementor-widget-container\">\n\t\t\t\t\t<style>\n                        @media screen and (max-width: 1024px) {\n                            .eael-hamburger--tablet {\n                                .eael-simple-menu-horizontal,\n                                .eael-simple-menu-vertical {\n                                    display: none;\n                                }\n                            }\n                            .eael-hamburger--tablet {\n                                .eael-simple-menu-container .eael-simple-menu-toggle {\n                                    display: block;\n                                }\n                            }\n                        }\n                        .eael-simple-menu-container.eael-simple-menu--loading > ul {\n                            display: -webkit-box !important;\n                            display: -ms-flexbox !important;\n                            display: flex !important;\n                            list-style: none !important;\n                        }\n                        .eael-simple-menu-container.eael-simple-menu--loading li ul {\n                            visibility: hidden !important;\n                            opacity: 0 !important;\n                        }\n                    <\/style>            <div data-hamburger-icon=\"&lt;svg aria-hidden=&quot;true&quot; class=&quot;e-font-icon-svg e-fas-bars&quot; viewBox=&quot;0 0 448 512&quot; xmlns=&quot;http:\/\/www.w3.org\/2000\/svg&quot;&gt;&lt;path d=&quot;M16 132h416c8.837 0 16-7.163 16-16V76c0-8.837-7.163-16-16-16H16C7.163 60 0 67.163 0 76v40c0 8.837 7.163 16 16 16zm0 160h416c8.837 0 16-7.163 16-16v-40c0-8.837-7.163-16-16-16H16c-8.837 0-16 7.163-16 16v40c0 8.837 7.163 16 16 16zm0 160h416c8.837 0 16-7.163 16-16v-40c0-8.837-7.163-16-16-16H16c-8.837 0-16 7.163-16 16v40c0 8.837 7.163 16 16 16z&quot;&gt;&lt;\/path&gt;&lt;\/svg&gt;\" data-indicator-icon=\"&lt;svg aria-hidden=&quot;true&quot; class=&quot;e-font-icon-svg e-fas-angle-down&quot; viewBox=&quot;0 0 320 512&quot; xmlns=&quot;http:\/\/www.w3.org\/2000\/svg&quot;&gt;&lt;path d=&quot;M143 352.3L7 216.3c-9.4-9.4-9.4-24.6 0-33.9l22.6-22.6c9.4-9.4 24.6-9.4 33.9 0l96.4 96.4 96.4-96.4c9.4-9.4 24.6-9.4 33.9 0l22.6 22.6c9.4 9.4 9.4 24.6 0 33.9l-136 136c-9.2 9.4-24.4 9.4-33.8 0z&quot;&gt;&lt;\/path&gt;&lt;\/svg&gt;\" data-dropdown-indicator-icon=\"&lt;svg class=&quot;e-font-icon-svg e-fas-angle-down&quot; viewBox=&quot;0 0 320 512&quot; xmlns=&quot;http:\/\/www.w3.org\/2000\/svg&quot;&gt;&lt;path d=&quot;M143 352.3L7 216.3c-9.4-9.4-9.4-24.6 0-33.9l22.6-22.6c9.4-9.4 24.6-9.4 33.9 0l96.4 96.4 96.4-96.4c9.4-9.4 24.6-9.4 33.9 0l22.6 22.6c9.4 9.4 9.4 24.6 0 33.9l-136 136c-9.2 9.4-24.4 9.4-33.8 0z&quot;&gt;&lt;\/path&gt;&lt;\/svg&gt;\" class=\"eael-simple-menu-container eael-simple-menu--loading eael-simple-menu-align-right eael-simple-menu-dropdown-align-left preset-2\" data-hamburger-breakpoints=\"{&quot;mobile&quot;:&quot;Mobilny pionowy (&gt; 767px)&quot;,&quot;tablet&quot;:&quot;Pionowy tablet (&gt; 1024px)&quot;,&quot;desktop&quot;:&quot;Desktop (&gt; 2400px)&quot;,&quot;none&quot;:&quot;None&quot;}\" data-hamburger-device=\"tablet\">\n                <ul id=\"menu-menu-fpms\" class=\"eael-simple-menu eael-simple-menu-dropdown-animate-to-top eael-simple-menu-indicator eael-simple-menu-horizontal\"><li id=\"menu-item-401\" class=\"menu-item menu-item-type-custom menu-item-object-custom menu-item-home menu-item-401\"><a href=\"https:\/\/filmproduct.com\/#contact\">Kontakt<\/a><\/li>\n<li id=\"menu-item-450\" class=\"menu-item menu-item-type-custom menu-item-object-custom menu-item-450\"><a href=\"https:\/\/panel.filmproduct.com:3000\/login\">Logowanie<\/a><\/li>\n<\/ul>                <button class=\"eael-simple-menu-toggle\">\n                    <span class=\"sr-only \">Hamburger Toggle Menu<\/span>\n                    <svg aria-hidden=\"true\" class=\"e-font-icon-svg e-fas-bars\" viewBox=\"0 0 448 512\" xmlns=\"http:\/\/www.w3.org\/2000\/svg\"><path d=\"M16 132h416c8.837 0 16-7.163 16-16V76c0-8.837-7.163-16-16-16H16C7.163 60 0 67.163 0 76v40c0 8.837 7.163 16 16 16zm0 160h416c8.837 0 16-7.163 16-16v-40c0-8.837-7.163-16-16-16H16c-8.837 0-16 7.163-16 16v40c0 8.837 7.163 16 16 16zm0 160h416c8.837 0 16-7.163 16-16v-40c0-8.837-7.163-16-16-16H16c-8.837 0-16 7.163-16 16v40c0 8.837 7.163 16 16 16z\"><\/path><\/svg>                <\/button>\n            <\/div>\n            \t\t\t\t<\/div>\n\t\t\t\t<\/div>\n\t\t\t\t\t<\/div>\n\t\t\t\t<\/div>\n\t\t\t\t<\/div>\n\t\t","protected":false},"excerpt":{"rendered":"<p>Zapisz si\u0119 na list\u0119 oczekuj\u0105cych Polityka Prywatno\u015bci (Privacy Policy) Film Project Management System (FPMS)Ostatnia aktualizacja: 06.08.2025 r. 1. Administrator danych osobowych Administratorem danych osobowych zbieranych za po\u015brednictwem niniejszej strony internetowej jest: Holly\u0142\u00f3d\u017a Sp. z o.o.ul. \u0141\u00f3dzka 42, 95-050 Konstantyn\u00f3w \u0141\u00f3dzki, PolskaNIP: 7312087078Email kontaktowy: contact@filmproduct.com 2. Zakres zbieranych danych Zbieramy wy\u0142\u0105cznie dane, kt\u00f3re u\u017cytkownicy przekazuj\u0105 nam [&hellip;]<\/p>\n","protected":false},"author":1,"featured_media":0,"parent":0,"menu_order":0,"comment_status":"closed","ping_status":"closed","template":"elementor_header_footer","meta":{"footnotes":""},"class_list":["post-460","page","type-page","status-publish","hentry"],"_links":{"self":[{"href":"https:\/\/filmproduct.com\/index.php?rest_route=\/wp\/v2\/pages\/460","targetHints":{"allow":["GET"]}}],"collection":[{"href":"https:\/\/filmproduct.com\/index.php?rest_route=\/wp\/v2\/pages"}],"about":[{"href":"https:\/\/filmproduct.com\/index.php?rest_route=\/wp\/v2\/types\/page"}],"author":[{"embeddable":true,"href":"https:\/\/filmproduct.com\/index.php?rest_route=\/wp\/v2\/users\/1"}],"replies":[{"embeddable":true,"href":"https:\/\/filmproduct.com\/index.php?rest_route=%2Fwp%2Fv2%2Fcomments&post=460"}],"version-history":[{"count":16,"href":"https:\/\/filmproduct.com\/index.php?rest_route=\/wp\/v2\/pages\/460\/revisions"}],"predecessor-version":[{"id":778,"href":"https:\/\/filmproduct.com\/index.php?rest_route=\/wp\/v2\/pages\/460\/revisions\/778"}],"wp:attachment":[{"href":"https:\/\/filmproduct.com\/index.php?rest_route=%2Fwp%2Fv2%2Fmedia&parent=460"}],"curies":[{"name":"wp","href":"https:\/\/api.w.org\/{rel}","templated":true}]}}